21
356 (base 8) to base 5
1423
Convert 20617 (base 10) to base 4.
11002021
Convert 33232 (base 4) to base 12.
6ba
What is -635 (base 7) in base 12?
-228
Convert -113222 (base 4) to base 15.
-6ae
Convert 17c (base 14) to base 6.
1230
Convert 10001010001101 (base 2) to base 6.
104541
Convert -101120 (base 3) to base 7.
-555
What is -8d6 (base 16) in base 15?
-a0c
Convert 714 (base 8) to base 6.
2044
Convert -2679 (base 14) to base 9.
-10253
Convert -272 (base 13) to base 16.
-1af
What is 1106 (base 7) in base 14?
206
What is -11045 (base 12) in base 6?
-252125
-57a (base 16) to base 2
-10101111010
What is 627 (base 10) in base 2?
1001110011
2041 (base 7) to base 3
222111
What is -3322 (base 5) in base 13?
-297
244 (base 14) to base 2
111000100
-3041 (base 5) to base 10
-396
What is -1232341 (base 5) in base 12?
-11b40
What is -11321 (base 8) in base 5?
-123232
What is 20222 (base 4) in base 14?
2b8
Convert -316 (base 11) to base 13.
-233
What is 30632 (base 9) in base 4?
10323212
What is 11242 (base 5) in base 8?
1466
What is 6175 (base 13) in base 3?
200110001
101102 (base 3) to base 7
551
12233 (base 5) to base 8
1657
2573 (base 11) to base 2
110100010011
47 (base 11) to base 9
56
What is 100011011001001 (base 2) in base 10?
18121
10101011111 (base 2) to base 8
2537
Convert 2c84 (base 13) to base 11.
49a7
What is -534 (base 13) in base 9?
-1186
-77d (base 15) to base 14
-88d
-11022011 (base 3) to base 16
-c40
What is 13422 (base 5) in base 2?
10001011000
Convert 8313 (base 10) to base 14.
305b
What is -4477 (base 15) in base 16?
-38b0
10130300 (base 4) to base 14
68da
-1012020 (base 3) to base 10
-870
-13468 (base 10) to base 2
-11010010011100
Convert -110000101 (base 2) to base 14.
-1db
What is 452 (base 12) in base 3?
212122
Convert -3d8 (base 16) to base 11.
-815
-47732 (base 8) to base 11
-143a4
Convert -193 (base 13) to base 15.
-144
Convert 20010100 (base 3) to base 16.
1170
What is 1442 (base 9) in base 7?
3116
-58503 (base 9) to base 5
-2222140
Convert -12022 (base 3) to base 11.
-120
Convert -2533 (base 8) to base 11.
-1037
What is -10442 (base 7) in base 3?
-10121022
What is 100011110001010 (base 2) in base 7?
104252
-3477 (base 8) to base 11
-1437
1116 (base 8) to base 15
295
What is -13bd (base 15) in base 12?
-2544
-b24 (base 13) to base 3
-2120222
Convert -3160 (base 7) to base 15.
-4ea
10155 (base 7) to base 6
15310
-112002 (base 3) to base 8
-574
Convert 358 (base 10) to base 7.
1021
What is -1102403 (base 5) in base 3?
-222012112
What is -1879b (base 14) in base 7?
-345254
What is -269 (base 14) in base 6?
-2125
What is -19500 (base 10) in base 16?
-4c2c
1000010000000 (base 2) to base 6
31320
What is -111000001 (base 2) in base 5?
-3244
Convert 9d (base 16) to base 6.
421
Convert -17666 (base 9) to base 12.
-7096
3242 (base 10) to base 11
2488
Convert 1340223 (base 5) to base 3.
1101210212
-2d1 (base 16) to base 2
-1011010001
-449 (base 14) to base 15
-3b9
What is 122201 (base 3) in base 16?
1de
Convert 3b7b3 (base 12) to base 11.
56972
Convert -1bb (base 16) to base 10.
-443
Convert 43c (base 15) to base 2.
1110111101
6b30 (base 12) to base 3
121110000
Convert -11010210021 (base 3) to base 8.
-237125
353235 (base 6) to base 4
13131113
What is 7745 (base 9) in base 4?
1121033
Convert 1101022222 (base 3) to base 2.
110101001001111
Convert 1b300 (base 12) to base 10.
40176
What is 3350 (base 7) in base 12?
84b
What is -109 (base 10) in base 13?
-85
1305 (base 7) to base 16
1ef
-120111001 (base 3) to base 9
-16431
31352 (base 7) to base 11
5898
-100011101111001 (base 2) to base 6
-220413
Convert -4668 (base 11) to base 9.
-8354
Convert -13 (base 9) to base 12.
-10
77b5 (base 13) to base 9
24826
Convert -10301 (base 4) to base 10.
-305
What is -373 (base 13) in base 3?
-211021
-668 (base 15) to base 6
-10412
What is -6776 (base 12) in base 11?
-8684
What is 11000011 (base 2) in base 6?
523
19980 (base 11) to base 3
1102010112
What is 5a6 (base 11) in base 6?
3201
What is -2111111 (base 3) in base 9?
-2444
-17f (base 16) to base 6
-1435
What is -1222 (base 5) in base 2?
-10111011
Convert -75254 (base 9) to base 13.
-19876
Convert 1101111 (base 2) to base 14.
7d
What is -16205 (base 8) in base 9?
-11012
270 (base 9) to base 12
169
What is 3152 (base 6) in base 5?
10331
What is 11c3 (base 14) in base 12?
1973
What is 6153 (base 11) in base 12?
4885
Convert -3388 (base 9) to base 12.
-1552
Convert -4c87 (base 14) to base 8.
-32207
Convert 1001110 (base 2) to base 3.
2220
What is 17913 (base 13) in base 5?
2423402
-101010011 (base 3) to base 13
-3484
1 (base 12) to base 4
1
Convert -104 (base 7) to base 15.
-38
What is -3130 (base 4) in base 7?
-433
Convert -5248 (base 9) to base 16.
-f0b
2429 (base 10) to base 3
10022222
What is 14322 (base 5) in base 9?
1586
What is -6968 (base 10) in base 11?
-5265
Convert 17732 (base 11) to base 3.
1021002000
What is 1111001111110001 (base 2) in base 5?
3444244
Convert -2013403 (base 5) to base 12.
-16881
What is -2332 (base 14) in base 5?
-143440
Convert 122403 (base 5) to base 16.
1278
290a (base 12) to base 6
34014
Convert 4530 (base 6) to base 9.
1410
What is -1020 (base 9) in base 2?
-1011101011
Convert 517 (base 11) to base 2.
1001101111
Convert 200310 (base 4) to base 16.
834
4544 (base 9) to base 10
3361
Convert -1101220 (base 3) to base 13.
-609
-12002001 (base 3) to base 6
-25044
1667 (base 11) to base 16
852
What is 1a88 (base 11) in base 6?
20113
Convert 1028 (base 14) to base 9.
3728
What is -32b (base 14) in base 6?
-2523
-50022 (base 6) to base 9
-8815
What is -510 (base 16) in base 11?
-a79
What is 4303 (base 5) in base 6?
2402
2114 (base 10) to base 13
c68
Convert -211014 (base 6) to base 4.
-10022302
-85 (base 9) to base 2
-1001101
What is -1912 (base 12) in base 10?
-3038
-110101011110000 (base 2) to base 16
-6af0
Convert 120100 (base 3) to base 15.
1c9
10102 (base 3) to base 7
161
2023 (base 6) to base 14
23d
a15 (base 11) to base 10
1226
What is 23221 (base 5) in base 2?
11010010110
48743 (base 9) to base 3
1122211110
What is 4013 (base 6) in base 9?
1170
2787 (base 11) to base 15
1104
What is 1081 (base 9) in base 7?
2224
Convert -4013 (base 6) to base 13.
-522
-5a50 (base 11) to base 12
-4700
What is -1335 (base 7) in base 16?
-204
What is bc50 (base 14) in base 4?
13331132
What is -490 (base 10) in base 7?
-1300
Convert 114334 (base 8) to base 2.
1001100011011100
-1042 (base 5) to base 15
-9c
What is -273 (base 11) in base 8?
-502
Convert -2655 (base 11) to base 14.
-1384
What is -da91 (base 14) in base 2?
-1001001101111111
-212221 (base 3) to base 5
-10041
What is 2653 (base 8) in base 11?
10aa
What is 203341 (base 6) in base 9?
24357
-22223 (base 4) to base 2
-1010101011
Convert -770 (base 8) to base 4.
-13320
f4 (base 16) to base 2
11110100
12011001 (base 3) to base 4
322222
202c (base 13) to base 11
336a
Convert -1e2 (base 15) to base 16.
-1b5
What is 177c (base 14) in base 2?
1000010000010
What is 101222 (base 3) in base 6?
1212
What is -38a (base 14) in base 9?
-868
What is -4b1 (base 12) in base 8?
-1305
Convert 986 (base 10) to base 13.
5ab
What is -13530 (base 9) in base 3?
-110121000
What is -1b7 (base 14) in base 16?
-165
Convert 43142 (base 8) to base 3.
220201100
Convert 100a (base 13) to base 2.
100010011111
-43c6 (base 16) to base 7
-101404
What is 4665 (base 11) in base 7?
23563
What is 2001221 (base 3) in base 7?
4255
Convert 631 (base 10) to base 9.
771
What is -1021321 (base 4) in base 6?
-33521
Convert 105a (base 11) to base 9.
1821
What is -6447 (base 9) in base 12?
-28b1
Convert 5c12 (base 13) to base 15.
3cd8
What is 1010100000001 (base 2) in base 12?
3141
-1030001 (base 4) to base 3
-20200012
What is -4eb7 (base 15) in base 5?
-1014242
Convert 2323 (base 4) to base 6.
511
Convert 832c (base 16) to base 11.
23258
Convert 4131 (base 5) to base 8.
1035
571 (base 10) to base 5
4241
What is -110010100111000 (base 2) in base 12?
-12bb4
Convert -2727 (base 8) to base 9.
-2041
What is -701 (base 9) in base 3?
-210001
4121 (base 6) to base 15
40d
What is ba0 (base 12) in base 6?
11520
c174 (base 16) to base 15
ea19
-148a (base 11) to base 14
-9a9
Convert 77210 (base 10) to base 7.
441050
What is -214034 (base 7) in base 16?
-9224
11513 (base 6) to base 13